4*d + 661. List the prime factors of p(26).
5, 673
Let b = 776 + 2132. What are the prime factors of b?
2, 727
Suppose -50014 = -15*j + 24866. List the prime factors of j.
2, 3, 13
Suppose 11*m = 8*m - 3. Let w = m - -8. Suppose -2*u = -s + 71 + w, s - 70 = -2*u. List the prime factors of s.
2, 37
Suppose -v = 4*v - 3*q - 6872, 4*q - 2728 = -2*v. Suppose 2*z + v = 3*s - 1610, 2*s + 4*z = 1972. List the prime factors of s.
2, 31
What are the prime factors of -5 - 869295/(-56) - 4/32?
2, 7759
Suppose -5*u + 79 = 4*b, 21 = -2*b + 3*b + u. Suppose 2 = -24*d + b*d. List the prime factors of d/2*10*19.
5, 19
Let q(a) be the third derivative of a**4/24 - a**3/3 + 3*a**2. Let s be q(5). What are the prime factors of ((-182)/(-7))/(1/(21/s))?
2, 7, 13
Let m = 332 + -119. Let l = m - 40. What are the prime factors of l?
173
Let j = 347 + 21. Let q = -77 - 168. Let x = q + j. What are the prime factors of x?
3, 41
Suppose 0*t + l + 9 = -4*t, 3*t + 1 = 5*l. Let o be ((-3)/t)/((-11)/110). List the prime factors of 6*20/o*-4.
2
Let w = 8889 + 929. List the prime factors of w.
2, 4909
Let d(m) = m + 9. Suppose x + 2 = -3*k - 4*x, 0 = x - 5. Let s be d(k). Suppose 4*j + 108 = 4*q, s*q - 17 = -q - 4*j. List the prime factors of q.
5
Suppose 0 = 635*b - 640*b + 369660. What are the prime factors of b?
2, 3, 61, 101
Suppose 0 = 6*m - 8*m + 3*f + 1259, -m = -4*f - 637. Let b = -363 + m. List the prime factors of b.
2, 131
Suppose -5*l = -2*y + 2, 2 = 2*l + 4*y - 2. Suppose l = -13*w + 11*w + 404. List the prime factors of w.
2, 101
Let w = -140 + 140. List the prime factors of (-1849)/(-4) + (w - (-6)/(-24)).
2, 3, 7, 11
Let h(t) = -43*t - 36. Suppose -4*i + 2*x - 4*x = 6, 0 = -4*i - x - 9. List the prime factors of h(i).
3, 31
Let v be (-11980)/(-12) - (-4)/(-3). Suppose -v = 6*p - 6433. List the prime factors of p.
2, 3, 151
Let v = -7270 - -7279. Let d = -437 - -739. Suppose -l + v = -4*l, 0 = -4*r + 2*l + d. What are the prime factors of r?
2, 37
Suppose -6*t + 510 + 582 = 0. Let c = -16 + t. What are the prime factors of c?
2, 83
Suppose 5*l = 249457 - 80342. List the prime factors of l.
149, 227
Suppose r - 3*u = -160 + 1141, r + 4*u = 953. Suppose 3*f - 3*x = r, -254 = 4*f + 4*x - 1538. List the prime factors of f.
2, 7, 23
Let t(x) = -4567*x**3 + 3*x**2 + 37*x + 48. List the prime factors of t(-2).
2, 3, 2029
Let w(a) = 575*a - 20. Let t be w(5). Let v = -914 + t. List the prime factors of v.
3, 647
List the prime factors of (45/(-4))/(41/(-25584)).
2, 3, 5, 13
Let d be -2 + -7 + (-56)/(-2). Suppose -d*r + 6*r + 2769 = 0. What are the prime factors of r?
3, 71
Suppose 2*u - 6 = 6. Let z be -2*9/u + 45. What are the prime factors of z/(-56)*48/(-2)?
2, 3
Suppose -4*w + 16 = -0*w, -1423 = -u - w. Let c = -893 + u. List the prime factors of c.
2, 263
Suppose 2*z = 5*b + 137 - 874, 4*b - 589 = z. Suppose 10*u - b = 53. Suppose -y - 4*t = -u, 12 = 2*y + 5*t - 25. What are the prime factors of y?
2
Let x = -1450 - -2305. Suppose w + x = -2*w. Let n = -45 - w. What are the prime factors of n?
2, 3, 5
Let p(x) = -8*x - 26. Let q be p(-3). What are the prime factors of (4 + 6)/(q - 48/(-21))?
5, 7
Let f(z) = 2*z**3 - 21*z**2 - 12*z + 52. Let n be f(15). Suppose 19*l + n = 26*l. What are the prime factors of l?
271
Let s be (-154)/(-98) + (-3)/(-7). Suppose 0 = -s*d - 3*u + 990, 5*u + 2475 = 5*d - 0*u. List the prime factors of d.
3, 5, 11
Let i = -194 - -196. Let y(q) be the third derivative of 7*q**5/30 + q**4/8 - 5*q**3/6 + q**2. What are the prime factors of y(i)?
3, 19
Let q be (-4)/6 - 8384/6. Let f = -997 + 1005. What are the prime factors of (-2)/f + q/(-24)?
2, 29
Let z = -38 - -40. Let d(c) = 20*c - 7. Let h be d(z). Suppose -38*l + h*l = -585. List the prime factors of l.
3, 13
Let b = -6667 + 18041. What are the prime factors of b?
2, 11, 47
Suppose 2*d + 3*q + 1 = 4*q, 5*d - q + 1 = 0. Suppose 4*l - 30 - 30 = d. What are the prime factors of (-5)/(-1)*(4 + (-21)/l)?
13
Let v(o) = -o**3 + 7*o**2 + o - 5. Let t be v(7). Let p be (6/(-7))/((-152)/14 + 11). What are the prime factors of ((-2)/p)/(t/84)?
2, 7
Let g = -18 + 38. Let m be 68/g + 0 + 3/5. Suppose -11 = 3*p + m, 0 = -2*q - 2*p + 276. List the prime factors of q.
11, 13
Let z be 4*(-115)/(-20)*2. Let r = -43 + z. Suppose -3*s - s - 350 = -5*f, r*f = -3*s + 210. List the prime factors of f.
2, 5, 7
Let a(y) = -y**3 + 11*y**2 - 133*y + 35. List the prime factors of a(-15).
2, 5, 197
Suppose 0 = 15*k - 7333 - 28262. List the prime factors of k.
3, 7, 113
Suppose 13*u - 3355 = 8*u. Let n = u + -151. What are the prime factors of n?
2, 5, 13
Let k = -197 - -217. Suppose k = 5*l + 5. What are the prime factors of l?
3
Suppose 318864 = -11*a + 123*a. What are the prime factors of a?
3, 13, 73
Suppose 2*i + 3*d - 17793 = 0, -i = -0*i - 2*d - 8886. What are the prime factors of i?
2, 3, 13, 19
Suppose -105*b = -127728 - 935082. List the prime factors of b.
2, 3, 7, 241
What are the prime factors of (21/(-3))/(9428/524 + -18)?
7, 131
Let h(g) be the third derivative of g**5/20 + 23*g**4/12 + 29*g**3/6 - g**2 - 28. List the prime factors of h(-19).
2, 7, 17
Suppose -167 = 5*b - 0*j + 2*j, 4*b + 5*j = -120. Let y be 10/b + (-57754)/(-14). Suppose -15*n - 1500 = -y. List the prime factors of n.
5, 7
Let l = 14100 - 3743. What are the prime factors of l?
10357
Let n = 19009 + -6632. List the prime factors of n.
12377
Suppose -l - 5*i = -7, 2*l - i + 5 = 4*l. Suppose -c = 5*m - 16, 4*m = c + l*m + 12. List the prime factors of c/(4/(-5))*10.
2, 5
Let i = -47419 + 70776. List the prime factors of i.
23357
Let v = -2424 - -5081. What are the prime factors of v?
2657
Suppose 84*l - 85*l = -5. Suppose l*a = -155 + 655. Let z = a + -15. List the prime factors of z.
5, 17
Let w = 3623 - 1263. What are the prime factors of (156/(-30))/((-8)/w)?
2, 13, 59
What are the prime factors of 7/(-14) + 533700/24?
37, 601
Suppose -3*y - 4*i = -103429, y - 3*i - 37047 + 2588 = 0. What are the prime factors of y?
34471
Suppose 4*l - 257256 = -23*l. Suppose 28*u + l = 40*u. What are the prime factors of u?
2, 397
What are the prime factors of -6*6/486 - (132842/(-27) - -2)?
2, 2459
Let d(w) = -7*w**3 - 7*w**2 - 11. Let t be d(-7). Let r = -1460 + t. List the prime factors of r.
587
Let q(b) = -28*b - 1. Let h be q(7). Let f = h + 48. Let m = 3 - f. List the prime factors of m.
2, 19
Suppose w - 14 = -4*m, -2*w + 15 = -2*m - 23. What are the prime factors of (-80085)/(-135) + (2 - 40/w)?
593
Let g(j) = j**3 - 29*j**2 + 182*j + 146. What are the prime factors of g(24)?
2, 19, 43
Suppose 12*t - 800 = 8*t. Suppose 0 = -4*a + t + 1368. List the prime factors of a.
2, 7
Suppose -6*w + 2*w + 570 = -5*c, w - 4*c = 137. Suppose -2*l = -8, -3*r + 3*l = -4*r + w. What are the prime factors of r?
7, 19
Suppose -5*g + 759 = -2*n - n, 4*g = 4*n + 1012. Let x be 1 + (-4 - 0 - n). Suppose 280 = 4*i - 4*r, -4*i + i = 5*r - x. What are the prime factors of i?
3, 5
Suppose 0 = 139*z + 64801 - 216589. What are the prime factors of z?
2, 3, 7, 13
Let i = -1597 - -1641. Let w(n) = -23*n - 3. Let r be w(-2). Suppose i*u = r*u + 28. What are the prime factors of u?
2, 7
Let z(q) = -7*q - 15. Let o(s) = 3*s**2 + 4*s - 2. Let l be o(-3). Let n = l + -20. List the prime factors of z(n).
2, 17
List the prime factors of 7 - 38/57*-579.
3, 131
Suppose 0 = -t - 4*n + 3236, -5*n = -3*t - 0*n + 9708. Suppose 4*z - 6*r + 8*r - t = 0, -3*z + 2433 = 3*r. List the prime factors of z.
3, 269
Let g = 0 + 49. Let a = g + -23. List the prime factors of 6/39 - (-1270)/a.
7
Suppose -4*m - 5*n - 8 = 0, 4*n + 4 + 12 = 0. Suppose 5*w = -h + 356, -2*w - 1128 = -3*h + m*w. List the prime factors of h.
7, 53
Let n(x) = 25*x**2 - 143*x + 2594. List the prime factors of n(19).
2, 4451
Suppose 12*s + 17748 = -54288. What are the prime factors of (-7)/(105/9) - s/5?
2, 3, 5
Suppose 14*l = 60*l - 49279 - 2425. List the prime factors of l.
2, 281
Let s = 136 + 535. Suppose 2*v - s = -109. Suppose -454 = -5*i + v. List the prime factors of i.
3, 7
Suppose -5*t + 17 = -j, -2*j + 19 = 4*t - j. Suppose -5*q + n - 2 = -3*q, 4*q + 4*n = -t. What are the prime factors of (34 - 8)*(-1)/q?
2, 13
Suppose -4*c = 4*q - 3*c - 10835, -2*q + 5405 = 3*c. What are the prime factors of q?
2, 5, 27